
What is the highest common factor of 39204 and 7719948?
324
What is the highest common factor of 46636 and 14786756?
524
What is the greatest common factor of 587188 and 112054?
626
Calculate the greatest common divisor of 67704 and 35061.
1209
What is the highest common divisor of 50805 and 36705?
15
Calculate the greatest common factor of 84113 and 95.
19
What is the highest common factor of 1220464638 and 27?
27
What is the highest common factor of 33948 and 44750844?
1476
What is the highest common factor of 25896 and 7325760?
312
What is the highest common divisor of 8120 and 5771?
29
Calculate the greatest common factor of 41315 and 515.
5
What is the highest common divisor of 13780472 and 674424?
2584
What is the highest common divisor of 20596951 and 282?
47
What is the highest common factor of 2240 and 25270?
70
What is the greatest common divisor of 3630042 and 1404?
702
Calculate the highest common divisor of 4060983 and 715433.
5147
Calculate the greatest common factor of 169050 and 948750.
3450
What is the greatest common factor of 70084875 and 375?
375
Calculate the greatest common divisor of 186 and 89888592.
186
Calculate the greatest common divisor of 692562 and 1135146.
4098
Calculate the highest common divisor of 1467361 and 5698.
7
What is the greatest common factor of 392895 and 2205?
45
Calculate the highest common factor of 681723699 and 4749.
4749
What is the highest common divisor of 92667597 and 22?
11
What is the greatest common factor of 56323443 and 121?
121
Calculate the greatest common factor of 8650962 and 48.
6
What is the highest common factor of 21 and 605211418?
7
What is the greatest common divisor of 1272473603 and 1031?
1031
What is the greatest common factor of 14434905 and 78909?
2721
What is the highest common divisor of 2852012272 and 16?
16
What is the highest common divisor of 705910735 and 16810?
8405
What is the highest common divisor of 1639550 and 900?
50
Calculate the greatest common factor of 45 and 77264100.
45
Calculate the greatest common divisor of 338 and 31355246.
338
What is the highest common factor of 924 and 725846?
22
Calculate the greatest common divisor of 68624 and 14384.
16
Calculate the greatest common divisor of 144914797 and 295.
59
Calculate the highest common factor of 5456 and 4794832.
496
What is the highest common divisor of 3494 and 316313567?
1747
Calculate the highest common divisor of 9722139 and 2793.
147
What is the greatest common divisor of 8116 and 127652506?
4058
What is the highest common divisor of 29612358 and 594?
54
What is the greatest common factor of 809 and 36742353?
809
Calculate the greatest common factor of 90258 and 92022.
294
What is the highest common factor of 24908 and 982429?
479
Calculate the highest common divisor of 12271212 and 3825.
153
Calculate the greatest common factor of 25184 and 27904.
32
Calculate the highest common divisor of 2070 and 214184970.
2070
What is the highest common divisor of 10365 and 118476096?
2073
What is the greatest common factor of 313819 and 306064?
517
Calculate the greatest common divisor of 11662 and 6800374.
238
Calculate the highest common divisor of 34778295 and 54.
27
Calculate the greatest common divisor of 1044 and 190808139.
87
Calculate the greatest common divisor of 39085127 and 261.
29
Calculate the greatest common divisor of 1008036 and 7659.
9
What is the greatest common divisor of 5469277 and 218889?
737
What is the greatest common divisor of 117 and 2745418?
13
What is the greatest common divisor of 6780 and 101526545?
565
Calculate the highest common divisor of 15593676 and 67452.
6132
What is the highest common divisor of 10281987 and 1076?
269
What is the highest common divisor of 160 and 21625024?
32
Calculate the highest common divisor of 509851 and 153999.
71
Calculate the greatest common divisor of 689290 and 11180.
430
Calculate the greatest common factor of 79048 and 90616.
1928
Calculate the highest common divisor of 34860 and 165041765.
2905
What is the greatest common divisor of 30200193 and 36?
9
Calculate the highest common divisor of 39550 and 615790.
70
What is the greatest common divisor of 9555 and 20678385?
1365
What is the greatest common factor of 1625 and 2368250?
125
What is the greatest common factor of 387 and 48479103?
387
Calculate the highest common factor of 1446836138 and 22.
22
Calculate the highest common divisor of 54411999 and 5898.
2949
What is the highest common factor of 169590386 and 28?
14
What is the greatest common divisor of 24300 and 1034100?
2700
Calculate the highest common divisor of 694 and 1489989199.
347
Calculate the highest common divisor of 40112 and 261704.
8
Calculate the greatest common divisor of 49825 and 61225.
25
What is the highest common divisor of 11654748 and 46746?
882
Calculate the highest common divisor of 2156 and 29248492.
196
Calculate the greatest common divisor of 14769 and 8546875.
547
What is the greatest common factor of 1960 and 598265500?
980
Calculate the greatest common factor of 42683620 and 1015.
35
What is the greatest common factor of 1715860854 and 76?
38
Calculate the highest common divisor of 3956 and 16879263.
989
Calculate the highest common divisor of 54 and 1720737.
27
Calculate the greatest common factor of 702 and 1282515.
39
Calculate the greatest common divisor of 39273440 and 47458.
778
What is the highest common factor of 12012 and 1339569?
231
Calculate the highest common factor of 714793000 and 250.
250
Calculate the highest common divisor of 245 and 12603535.
245
Calculate the greatest common divisor of 645354 and 52318.
74
Calculate the greatest common factor of 53619658 and 4.
2
What is the highest common factor of 126249474 and 507?
39
Calculate the greatest common divisor of 58956720 and 10.
10
Calculate the greatest common divisor of 1000 and 16576600.
200
What is the greatest common divisor of 10 and 1484185?
5
What is the highest common factor of 27709 and 18515904?
121
What is the highest common divisor of 2275 and 8000811?
91
Calculate the greatest common divisor of 26 and 15997059.
13
Calculate the highest common factor of 2698032 and 1584.
48
What is the greatest common divisor of 112 and 7560?
56
What is the greatest common factor of 18961274 and 1178?
62
Calculate the greatest common divisor of 361 and 210421.
1
Calculate the highest common divisor of 330 and 25623972.
66
Calculate the highest common factor of 455 and 901082.
91
Calculate the greatest common divisor of 30 and 24432711.
3
Calculate the highest common factor of 15 and 120905040.
15
What is the greatest common factor of 702108 and 2041380?
396
Calculate the greatest common divisor of 8120 and 32867440.
1160
Calculate the highest common divisor of 10344712 and 32.
8
Calculate the greatest common factor of 1035 and 172017.
207
Calculate the highest common factor of 8646 and 21120.
66
Calculate the greatest common divisor of 1450812701 and 26.
13
Calculate the greatest common factor of 1664 and 30082.
26
Calculate the greatest common divisor of 1442096 and 734944.
3088
What is the highest common divisor of 243 and 178998?
3
Calculate the greatest common divisor of 22440 and 196150845.
2805
Calculate the highest common factor of 1022432 and 4129600.
2848
Calculate the highest common divisor of 30906 and 15065766.
1818
What is the greatest common factor of 1795976 and 392?
56
Calculate the highest common divisor of 9838941 and 9177.
399
What is the highest common divisor of 6123 and 11219377?
2041
Calculate the highest common divisor of 6425474 and 275.
11
What is the highest common divisor of 1795616 and 192?
32
What is the highest common factor of 41984 and 1252352?
1024
Calculate the highest common divisor of 3727774 and 1336.
334
Calculate the highest common divisor of 24985611 and 378.
189
Calculate the greatest common factor of 2776 and 12632882.
694
Calculate the highest common factor of 121296593 and 473.
473
What is the highest common divisor of 76501 and 1869874?
677
What is the highest common factor of 530 and 221110?
10
Calculate the highest common factor of 71128498 and 98.
98
Calculate the greatest common factor of 138060 and 131747590.
7670
Calculate the greatest common divisor of 705 and 1537323.
141
Cal